at is the units digit of h(-9)?
5
Let r be 126/33 - 4/(-22). Suppose 5*h = r*h + 5. What is the units digit of h?
5
Let m(f) = f**3 + 6*f**2 + 5*f + 5. Let a be m(-5). Suppose 6*i = 2*i - a*o + 33, -2*o = 5*i - 54. What is the units digit of 0 - (1 - i - -2)?
9
What is the tens digit of (-1206)/(-42) - (18/(-14) - -1)?
2
Let p(l) be the third derivative of l**6/360 + l**5/120 + l**4/12 + l**3/6 - 2*l**2. Let z(h) be the first derivative of p(h). What is the units digit of z(2)?
8
Let t = -5 - 0. Let c be t*(-1)/(10/6). Suppose -7 - 17 = -c*z. What is the units digit of z?
8
Suppose 5*b = -3*z + 49, 4*b = 4*z + 23 + 29. Suppose -b = -j + 2. What is the tens digit of j?
1
Let l be ((-2)/(-4))/(6/48). What is the units digit of 35*-3*l/(-30)?
4
Let x(c) = 18*c - 50. What is the units digit of x(5)?
0
Let s(b) = -b**3 - 8*b**2 - 8*b - 2. What is the units digit of s(-7)?
5
Let z = -1 - -3. What is the tens digit of 25 - z*(-2)/4?
2
Let z = 2 + 10. What is the tens digit of z?
1
Suppose 219 = -5*f + 34. Suppose -4*q = 4*s - 32, -5*q + 4*q = 3*s - 8. What is the units digit of q/(-24) + f/(-3)?
2
Let y(p) = 4*p**2 + 6*p + 2. Let o(z) = -9*z**2 - 13*z - 4. Let v(g) = 3*o(g) + 7*y(g). Let w be -5*(-2)/(-6)*3. What is the tens digit of v(w)?
1
What is the units digit of 48/10 - (-8)/40?
5
Suppose -5*p + 12 = -3*p. What is the tens digit of (-4)/p + 114/9?
1
What is the hundreds digit of 2 - -357 - (-11 - -12)?
3
Let y(t) = -3*t - 2. Let p = 5 - 7. Let w be y(p). Suppose 5*s + w = 29. What is the units digit of s?
5
Let z(p) = -p + 3. Let j be z(3). Suppose j = 3*g - 112 - 11. What is the tens digit of g?
4
Let l(m) = 2*m - 7. Let x be l(5). Suppose -2*d = x*d. What is the units digit of 2*((-21)/(-6) - d)?
7
Let a(y) = -y**3 - 10*y**2 + 9*y - 8. Let z be a(-11). Suppose z = 3*q + 2. What is the units digit of q?
4
Let z be (1/3)/((-3)/(-18)). Suppose 4*p - 18 = -5*o, 3*p + 2*p - z*o = 39. What is the units digit of p?
7
Let j be -1*2 - (2 - -1). Let s(v) = -v**2 - 2*v - 2. Let i be s(-4). Let y = j - i. What is the units digit of y?
5
Suppose 2*b - 6 = t, 3*b + 4*t = -t + 35. What is the units digit of 2 - b - -2 - -35?
4
Let f(d) = d**2 + 3*d - 1. What is the tens digit of f(4)?
2
Let j(i) = i - 9. Let t be j(9). Let f(w) = 2 + 7 + t*w + 4*w - 3*w. What is the units digit of f(-7)?
2
Let j = -170 - -208. What is the units digit of j?
8
Let n = 79 - 78. What is the units digit of n?
1
Let m(f) = 5*f + 10. Let z be m(7). Suppose -2*c + z = c. What is the tens digit of c?
1
Suppose 4*j - 2*v - 3*v + 1 = 0, 4 = -j + 2*v. Suppose -j*i = -i + 50. Let c = i - -15. What is the units digit of c?
5
Let m(h) = h**3 + h**2 - h + 4. Let w = 11 + -11. What is the units digit of m(w)?
4
Suppose 3*n - 12 = -5*s, -2*s + 8 + 0 = -2*n. Let z = s - -3. Let l = z + -5. What is the units digit of l?
1
Let k(o) = -o - 8. Let v be k(-7). What is the tens digit of 6*(4 + 2/v)?
1
Let h(g) = 3 + 4*g - 5 - 2*g + g**3 + 0*g. Let d be h(2). Suppose j = d + 1. What is the units digit of j?
1
Let p be 8 - (1 + -2)*-1. Let s = 9 - p. What is the units digit of s?
2
Let l = 19 + -50. Let p = l + 51. What is the tens digit of p?
2
Let b(v) = -v + 10. What is the units digit of b(-8)?
8
Let a = 50 - 107. Let q be 1/(-4) + a/12. Let h(m) = m**3 + 4*m**2 - 6*m + 3. What is the units digit of h(q)?
8
Suppose 4*z = 3*z - 5*l + 27, 2*z = 5*l - 21. Suppose 0 = -2*x + 26 + z. What is the units digit of x?
4
Suppose -a = x - 218, 2*x - 3*x - 3*a = -210. What is the tens digit of x?
2
Let m(q) = -q. Let t be m(-5). Suppose -2*h + 26 = 2*p, 2*p + t*h + 1 - 12 = 0. What is the units digit of p?
8
Let x(d) = -d**3 + 3*d**2 + 3*d - 2. Let o be x(3). Let r(y) = 2*y + 1. What is the tens digit of r(o)?
1
Let n(k) = -k**2 + 6*k + 3. Let f(t) = t - 2. Let q be f(5). Let r be n(q). Suppose -2*a - 4*w = r, 0 = -2*a - w - 0*w + 3. What is the units digit of a?
4
Let a(u) = 4*u + 12. What is the units digit of a(6)?
6
Suppose -50 = -3*n + 13. Suppose 5*r - 12 - 42 = -2*f, -f - r + n = 0. What is the tens digit of f?
1
Let f = -2 + -2. Let c be f/10 + (-12)/(-5). Suppose 42 = c*t - 4*b, 3*b + 66 + 32 = 5*t. What is the tens digit of t?
1
Let p(i) = -i**2 - 8*i - 4. Let d be p(-7). Let x = -7 - -5. Let n = d + x. What is the units digit of n?
1
Suppose 3*w + 3*d + 42 = -d, -4*w + d = 56. Let r be (4/5)/((-4)/(-10)). What is the units digit of 4/r*w/(-4)?
7
Let a(c) = c**3 + 9*c**2 + 5*c + 4. Let z be a(-8). Let q = z + -15. What is the tens digit of q?
1
Suppose -3*b - 3 = -3*k - 6, -5*b = 25. Let q = k + 18. What is the units digit of q?
2
Suppose 0 = 5*l - 3*l - 3*d - 171, 3*d - 15 = 0. What is the units digit of l?
3
Suppose -s = -54 - 26. What is the tens digit of (s/28)/(-2)*-7?
1
Let p be -3*(-2)/(-6)*-2. Let z be (-3 + p)/(2/10). What is the units digit of (z + -1)*(-1)/3?
2
Suppose -m - 4*m = -85. Let c = 21 + -9. Let t = m - c. What is the units digit of t?
5
Suppose 5*f = 5*k + 690, -2*f + 0*f - 3*k + 281 = 0. What is the tens digit of f?
3
Suppose z - 3*g - 41 = -6*g, -g - 33 = -z. What is the tens digit of z?
3
Suppose -4*j + 5*f - 30 = j, -3*j + 5*f - 20 = 0. Let s be j*(26/(-10) + 3). What is the units digit of (2/(-6))/(s/90)?
5
Let v(c) = c - 2. Let b(j) = -j**3 + 8*j**2 - 5*j - 4. Let s be b(7). What is the units digit of v(s)?
8
Suppose -4*j - 8 = -2*j + 3*c, 0 = 3*c + 12. Suppose 0 = 2*y + j*y + 20. Let r = 1 - y. What is the units digit of r?
6
Let i(s) be the third derivative of s**6/360 - s**5/120 - s**4/8 + s**3/2 + s**2. Let v(l) be the first derivative of i(l). What is the units digit of v(-3)?
9
Suppose 15*s - 8*s = 294. What is the units digit of s?
2
Let t = -43 + 25. Let k = t - -27. Suppose 0 = -2*j - j + k. What is the units digit of j?
3
Suppose -35 = -5*j - 2*g, 0 = j + 5*g - 10 - 20. Let y(m) = 2*m - 1. Let v be y(1). Suppose h + 3*w = 6, h = -w + j + v. What is the units digit of h?
6
Let b(a) = -a - 5. Let c be b(-7). Let g be (c/6)/((-2)/(-18)). Let o(k) = k**2 - 1. What is the units digit of o(g)?
8
Let g be -1*(2*3)/3. Let a = 0 - g. Suppose 3*j - 1 = a. What is the units digit of j?
1
Suppose 18*k = 25*k - 784. What is the units digit of k?
2
Let q = -20 - -7. Let k = q + 49. What is the tens digit of k?
3
Let v be (2 - 28)/(-2 + 0). Suppose -4*a = u + v, a - 2*u = 3*a + 8. What is the units digit of 10 + 2 + a/1?
9
Let u = 367 - 233. What is the units digit of u?
4
Let p = 10 - 7. Let z(i) = 3*i**2 - 4*i - 6. Let q be z(5). Suppose n = 4*w - 46, w - q = -4*w - p*n. What is the tens digit of w?
1
Suppose -5*q + 313 - 78 = 0. What is the units digit of q?
7
Let k = 26 + 7. What is the units digit of k?
3
Suppose -5*r - o + 15 = -0*o, 3*o - 21 = -3*r. Let y = 1 + r. Suppose -24 = -y*i + 30. What is the tens digit of i?
1
Let h(o) be the third derivative of -o**4/12 + o**3/3 + o**2. Let c be h(5). Let k = c - -17. What is the units digit of k?
9
What is the hundreds digit of (-6654)/(-54) - (2 + (-48)/27)?
1
What is the units digit of 119/3 + (-28)/42?
9
Suppose g + 4*d - 1 = 1, 4*g = 5*d + 8. Let v(n) = -n**2 + 6*n - 3. Let o be v(g). Suppose -26 + 6 = -o*j. What is the units digit of j?
4
Suppose 5*g - 28 = -i, -2*i + 9 = i. Let h(n) = -2 - n + 6 + 5. What is the units digit of h(g)?
4
What is the tens digit of ((-58)/2)/(3/(-27))?
6
Let j = -8 - -12. Suppose o = -3*a + 4*o + 21, 3*a + j*o = 56. What is the tens digit of a?
1
Let z(l) = 2*l**2 + 3*l + 5. Let w be z(-4). Let u = -15 + w. Suppose 0 = b - 0*b - u. What is the tens digit of b?
1
Suppose -3*j - 18 = -6*j. Let b(w) = w**2 + 7 - 7*w + 4*w + 0*w - 3*w. What is the units digit of b(j)?
7
Let w(f) = -2 + 8*f - 4*f**2 + 3*f**2 + 7. Let l be w(8). Suppose 25 = l*y - 3*g + g, 4*g = -y - 17. What is the units digit of y?
3
Suppose q = 5*q. Let z be (3 + (q - 1))*12. Suppose -3*n + z = -n. What is the tens digit of n?
1
Let y(m) = m**3 + 3*m**2 - 5*m - 1. Let l be y(-4). Let s = l - 0. What is the units digit of s?
3
Let k(p) = -1 - p**2 - 3*p + 0 + 3. Let h be k(-6). Let m = h + 24. What is the units digit of m?
8
Suppose -3*v + 0*c - 5*c - 70 = 0, c = v + 18. Let i be 42/5 + 8/v. Suppose -28 = -2*b + i. What is the tens digit of b?
1
Let n = -4 + 2. Let z(i) = -2*i**2 - i. Let h be z(n). Let v = h + 15. What is 